.
-16
Let t(p) = -p**2 - 16*p - 36. Determine t(-3).
3
Let i(p) = -p**2 - 20*p - 72. Determine i(-16).
-8
Let m(n) = 7*n + 1. Give m(2).
15
Let d(q) = q**3 - 8*q**2 - 9*q - 3. Calculate d(9).
-3
Let o(p) = 3*p - 20. Calculate o(8).
4
Let z(w) = w**2 - 2. Calculate z(-5).
23
Let a(h) = -h**2 + 5*h - 6. Calculate a(4).
-2
Let t(n) = 14*n - 627. Calculate t(45).
3
Let n(q) = -2*q**3 - 9*q**2 + 4*q + 5. Calculate n(-5).
10
Let p(r) = -2*r + 12. What is p(11)?
-10
Let l(c) = c**3 - 11*c**2 + 11*c - 5. Calculate l(10).
5
Let j(k) = k**2 - 8*k + 16. Give j(9).
25
Let h(s) = -s**2 - 26*s - 129. Give h(-20).
-9
Let y(c) = -c**3 - 5*c**2 - 9*c - 15. Calculate y(-7).
146
Let y(s) = -5*s - 40. Determine y(-18).
50
Let s(k) = 2*k - 3. Determine s(4).
5
Let d(a) = a + 14. What is d(-6)?
8
Let s(x) = -x**2 - 14*x - 1. Calculate s(-10).
39
Let g(a) = a**3 + 8*a**2 - 6*a + 2. Give g(-8).
50
Let d(x) = -x**3 + 26*x**2 + 27*x - 26. What is d(27)?
-26
Let b(w) = 12*w**2 - 6*w + 21. Determine b(2).
57
Let w(a) = 2*a**3 - 23*a**2 + 15*a - 55. What is w(11)?
-11
Let f(h) = h**3 - 10*h**2 - 4*h - 3. What is f(8)?
-163
Let s(d) = -6*d - 24. Determine s(-5).
6
Let q(h) = -h**2 + 18*h + 2. Calculate q(17).
19
Let i(m) = 52*m + 635. Calculate i(-12).
11
Let b(s) = -s**3 + 7*s**2 + 7*s - 3. What is b(4)?
73
Let x(u) = 116*u**2 + 3*u + 2. What is x(-1)?
115
Let u(p) = -p**2 - 4*p + 11. What is u(0)?
11
Let r(x) = -x**2 + 11*x - 14. What is r(6)?
16
Let b(j) = -3*j**3 - j**2 - j - 2. Calculate b(-3).
73
Let u(m) = -2*m**2 - 59*m + 30. Determine u(-30).
0
Let g(z) = 17*z**2 + 3*z + 1. Determine g(-1).
15
Let b(a) = a**3 - 12*a**2 + 2*a + 1. Give b(0).
1
Let p(r) = -r**2 - 3*r + 181. Give p(-15).
1
Let p(q) = -5*q**2 - 10*q - 9. Calculate p(-4).
-49
Let f(g) = -2*g**2 + 6*g - 3. What is f(5)?
-23
Let c(f) = -f**3 + 2*f**2 + 3*f - 34. What is c(0)?
-34
Let v(i) = -2*i**2 - 13*i - 27. What is v(-8)?
-51
Let a(q) = q**2 - 10*q - 9. What is a(10)?
-9
Let o(i) = -i**2 - 38*i - 329. Calculate o(-25).
-4
Let v(g) = g + 22. Calculate v(-14).
8
Let x(k) = k**2 - 22*k - 222. Give x(30).
18
Let c(p) = -p - 9. Calculate c(13).
-22
Let l(s) = -47*s**2 + 5*s - 1. Determine l(1).
-43
Let p(n) = -6*n - 55. Calculate p(-8).
-7
Let x(a) = -139*a - 561. Give x(-4).
-5
Let k(y) = y - 18. What is k(-9)?
-27
Let y(u) = -35*u + 10. Give y(-3).
115
Let f(p) = -8*p + 9. What is f(1)?
1
Let f(a) = -a**3 + 2*a**2 - 5*a - 6. Give f(-1).
2
Let s(m) = 2*m**3 - 16*m**2 + 12*m + 15. What is s(7)?
1
Let p(g) = -9*g + 2. Give p(-1).
11
Let n(y) = -y**3 - 6*y**2 - 2*y + 6. Determine n(-5).
-9
Let h(m) = -m**2 - 17*m - 46. Determine h(-14).
-4
Let b(m) = m**3 + 14*m**2 + 13*m - 8. Give b(-13).
-8
Let h(l) = 4*l**3 - 4*l**2 + 2*l. Calculate h(2).
20
Let q(f) = f**2 - f - 5. Give q(5).
15
Let b(v) = -v + 4. Give b(7).
-3
Let b(f) = -9*f**2 + f. What is b(1)?
-8
Let d(q) = -3*q - 10. What is d(8)?
-34
Let d(r) = r**3 - 2*r**2 - 16*r + 17. Calculate d(-4).
-15
Let r(u) = -u**3 - 4*u**2 - 2*u. What is r(-4)?
8
Let g(n) = 5*n + 24. Calculate g(-6).
-6
Let x(c) = 6*c + 60. What is x(-13)?
-18
Let n(p) = p**3 - 3*p**2 - 6*p + 4. What is n(4)?
-4
Let y(c) = c + 2. Give y(-6).
-4
Let g(c) = -c**3 - 4*c**2 - 4*c. Determine g(-4).
16
Let m(c) = c**3 - 3*c**2 - 2*c - 5. What is m(4)?
3
Let v(s) = -8*s - 68. Calculate v(-6).
-20
Let v(q) = 46*q + 1. What is v(-2)?
-91
Let v(d) = -d**3 - 14*d**2 - 25*d - 20. Give v(-12).
-8
Let z(p) = -p**3 - 3*p**2 + 12*p + 17. Determine z(-5).
7
Let b(j) = j**3 + 15*j**2 + 13*j - 14. Calculate b(-14).
0
Let w(d) = 2*d**2 + 12*d + 13. What is w(-6)?
13
Let y(z) = -7*z + 32. Calculate y(8).
-24
Let w(a) = a**3 - 2*a**2 - 8*a - 10. Give w(-2).
-10
Let z(d) = -d**2 - 7*d + 3. What is z(-7)?
3
Let f(s) = -s**3 - 19*s**2 - 22*s - 28. What is f(-18)?
44
Let v(a) = -a - 33. Give v(-24).
-9
Let k(d) = d**3 - 7*d**2 + 3*d + 5. Calculate k(5).
-30
Let g(v) = -2*v**3 + 15*v**2 - 20*v + 12. Determine g(6).
0
Let m(g) = g**2 - 14*g + 23. Calculate m(12).
-1
Let u(n) = 4*n**2 - 1. What is u(-1)?
3
Let o(y) = y**3 + 4*y**2 + 4*y + 3. Give o(-4).
-13
Let j(n) = -n**3 - 27*n**2 + 60*n + 55. What is j(-29)?
-3
Let p(h) = -4*h + 306. Calculate p(78).
-6
Let q(y) = -y**3 - 31*y**2 - 58*y. What is q(-29)?
0
Let t(m) = -2*m + 17. Determine t(9).
-1
Let z(f) = -f + 6. What is z(7)?
-1
Let p(f) = f**2 - 17*f - 40. Determine p(19).
-2
Let v(t) = -t**2 + 6*t + 8. What is v(6)?
8
Let v(a) = -a**3 + a**2 - 4*a - 1. Calculate v(2).
-13
Let w(x) = -6*x - 20. Calculate w(-6).
16
Let c(s) = -s**3 + 4*s**2 + 8*s - 12. Calculate c(5).
3
Let f(j) = -77*j**2 - 2*j + 1. What is f(1)?
-78
Let n(z) = 6*z + 13. Calculate n(-1).
7
Let n(f) = 5*f + 46. What is n(27)?
181
Let c(y) = -y**3 - 8*y**2 + 2*y + 10. Calculate c(-9).
73
Let a(r) = -100*r - 504. What is a(-5)?
-4
Let d(a) = 65*a - 34. Give d(-3).
-229
Let m(s) = 5*s + 77. What is m(-18)?
-13
Let o(q) = q**3 + 10*q**2 + 13*q + 10. What is o(-8)?
34
Let m(o) = o**3 + 18*o**2 - 2*o - 47. What is m(-18)?
-11
Let m(d) = 6*d + 10. Determine m(1).
16
Let n(y) = -y**3 + 9*y**2 - 9*y - 2. Give n(7).
33
Let y(r) = -4*r**2 - 73*r - 22. Give y(-18).
-4
Let s(t) = t**3 + 7*t**2 - 10*t - 11. What is s(-8)?
5
Let d(s) = -s**3 + 15*s**2 + 50*s + 77. Determine d(18).
5
Let g(v) = 48*v - 271. Calculate g(6).
17
Let z(i) = -6*i**2 - 22*i + 3. Determine z(-3).
15
Let l(y) = -2*y**2 + 7*y + 1. Determine l(5).
-14
Let x(p) = 2*p**3 - 3*p**2 - p + 1. Determine x(-2).
-25
Let l(c) = -5*c**3 + 2*c**2 + 2*c - 2. Determine l(2).
-30
Let k(l) = 2*l**3 + 8*l**2 + 3*l. Give k(-5).
-65
Let j(a) = 29*a + 55. Determine j(-5).
-90
Let x(d) = -d**2 - d. Give x(-3).
-6
Let o(c) = -c + 6. Calculate o(9).
-3
Let d(y) = -2*y**2 - 17*y - 54. Calculate d(-7).
-33
Let h(w) = -4*w + 1. Calculate h(-4).
17
Let g(n) = 10*n**2 + 6*n + 6. What is g(-2)?
34
Let a(v) = v**3 - 6*v**2 + 3*v - 16. Calculate a(6).
2
Let y(w) = -w**2 + 53*w - 696. Calculate y(29).
0
Let d(h) = 2*h - 50. What is d(-18)?
-86
Let u(d) = d - 7. What is u(13)?
6
Let t(d) = 2*d**2 - 4*d - 4. Give t(2).
-4
Let x(u) = -2*u**3 + 11*u**2 - 8*u + 8. Give x(5).
-7
Let n(h) = h**2 + 8*h - 10. Calculate n(-5).
-25
Let f(j) = 3*j - 23. Give f(7).
-2
Let v(o) = -23*o**3 - o. What is v(-1)?
24
Let l(a) = a**3 - 9*a**2 - 2*a + 14. Determine l(9).
-4
Let i(l) = -14*l - 1. Determine i(6).
-85
Let h(q) = q**3 - 2*q + 3. What is h(2)?
7
Let w(r) = 32*r - 4. Determine w(0).
-4
Let k(a) = a**3 + 24*a**2 - 53*a - 78. What is k(-26)?
-52
Let n(t) = 11*t + 476. What is n(-43)?
3
Let u(w) = 2*w**2 - 9*w + 23. What is u(6)?
41
Let l(a) = -8*a - 9. Give l(-4).
23
Let s(i) = -i**2 + 22*i - 36. What is s(20)?
4
Let c(a) = -2*a - 69. Calculate c(-13).
-43
Let x(d) = d**2 + 26. What is x(-9)?
107
Let w(n) = 2*n - 20. Determine w(-11).
-42
Let t(o) = 15*o + 87. What is t(-6)?
-3
Let m(p) = -p**3 + p**2 - 2*p - 63. Calculate m(0).
-63
Let j(k) = -k**2 - 1. Give j(4).
-17
Let l(u) = -2*u + 8. What is l(12)?
-16
Let q(y) = -y**2 + 3*y + 18. Give q(-6).
-36
Let p(r) = -9*r - 24. Calculate p(-7).
39
Let d(f) = f**3 - 16*f**2 + 2*f - 37. What is d(16)?
-5
Let k(y) = y**3 + 8*y**2 + y - 5. What is k(-8)?
-13
Let g(x) = -3*x**2 - x - 1. Calculate g(-4).
-45
Let z(l) = -l**2 + 9*l - 1. Determine z(8).
7
Let k(g) = g**3 - 11*g**2 + 2*g - 7. What is k(10)?
-87
Let y(f) = f**2 - 21*f - 166. Determine y(-6).
-4
Let l(y) = -3*y - 24. Calculate l(-12).
12
Let m(r) = -r**3 - 7*r**2 + 690*r - 5. Calculate m(23).
-5
Let n(j) = -j**2 + 16*j + 11. Calculate n(17).
-6
Let k(m) = m**3 + 15*m**2 - 17*m - 11. Calculate k(-16).
5
Let n(f) = f + 19. Determine n(-24).
-5
Let n(s) = -s**2 - 12*s - 5. Calculate n(-11).
6
Let t(v) = 4*v + 76. Give t(-12).
28
Let z(a) = a**2 + 6*a. What is z(-7)?
7
Let g(q) = 7*q**2 - q - 1. Calculate g(-1).
7
Let b(k) = -15*k - 21. What is b(-5)?
54
Let h(u) = 40*u - 318. Give h(8).
2
Let z(f) = -f**2 - 13*f + 13. Calculate z(-11).
35
Let q(a) = a**3 + 5*a**2 - 4*a - 3. Give q(-5).
17
Let g(w) = -7*w**2 + 15*w + 88. What is g(-5)?
-162
Let s(a) = -3*a + 14. What is s(6)?
-4
Let m(w) = -42*w - 208. What is m(-5)?
2
Let s(u) = -4*u**3 - 15*u**2 + 3*u - 6. Determine s(-4).
-2
Let v(p) = -2*p**2 + 12*p - 4. Give v(6).
-4
Let x(c) = -c**3 + 15*c**2 + c - 22. Determine x(15).
